(w)?
2
Let k(f) = -f**3 - 3*f. Let u(c) = -c**3 + c**2 + 1. Let m(y) = -k(y) - 2*u(y). Let r be (4/((-32)/(-20)))/((-65)/(-52)). Determine m(r).
20
Let w(m) = -2*m**2 - m + 1. Suppose 0 = -4*z - 4*h + h, -4*h = -3*z. Suppose 3*a + 3*y + 7 = -5, z = -a + 3*y. What is w(a)?
-14
Let b(d) = d**2 + 7*d - 6. Let m(t) = -2*t + 3. Let n(r) = -2*r + 2. Let s be n(3). Let k(q) = -q**2 - 6*q - 3. Let l be k(s). Let h be m(l). Give b(h).
-6
Suppose 5*h + 2*w = 7, -3*w + 1 = -4*h + 2*w. Let y(s) = -1. Let d(m) = 11*m**2. Let b(i) = h*y(i) - d(i). Determine b(1).
-12
Let p(g) be the first derivative of g**5/120 + 2*g**3 - 1. Let f(q) be the third derivative of p(q). Calculate f(0).
0
Let q(x) = -196740 - 3*x + 196747 - 2*x. What is q(0)?
7
Let n = 100 - 98. Let y(a) = -5 + 3 + 2*a - 2*a**n + a**3 + a**2 - 4*a**2. Calculate y(2).
-10
Let v(a) = a**3 + 3*a**2 - 2*a - 2. Let f(i) = -i**3 + 2*i**2 + 2*i + 2. Let u be f(3). Let r be (0/(-3 - -7))/u. Suppose 16 = -r*z - 4*z. Give v(z).
-10
Let m(h) = -h + 7. Let v(z) = -21 + 9*z - 5*z - 3*z + 2*z. Let i(x) = 11*m(x) + 4*v(x). Calculate i(7).
0
Let o(k) = -1 + 1 - 7*k + 6*k - 2*k**2 - 13*k**3. Let l(u) = 2*u + 5. Let v(z) = 6*z + 14. Let s(h) = 7*l(h) - 2*v(h). Let r be s(-4). What is o(r)?
12
Let v(x) = -17*x + 2. Let i(t) = t**3 + 6*t**2 - t - 5. Let g be i(-6). Let l be v(g). Let m = 18 + l. Let u(o) = -o**2 + o + 1. What is u(m)?
-5
Let o(w) = w + 5. Suppose 2*q - 3*m - 30 = 11, 98 = 5*q - 3*m. Let c = q + -16. Suppose 0 = 3*y - c*d + 3, d + 1 = 3*y + 10. Determine o(y).
1
Suppose -o - 13 = 2*v, -13*o + 15*o + 14 = -2*v. Let b(m) = m**3 + 5*m**2 - 5*m + 5. What is b(v)?
-1
Let c(m) = -3 - 2 + m - 4. Let h = -94 - 69. Let g = h - -169. Determine c(g).
-3
Let u(v) be the third derivative of -v**5/60 - v**4/8 + v**3/3 + 2*v**2. Let l(g) = g**2 + 16*g - 41. Let t = -104 - -86. Let b be l(t). Calculate u(b).
-8
Suppose -53 - 241 = -49*x. Let t(k) be the second derivative of k**3/6 + 2*k**2 + k. Calculate t(x).
10
Let k(h) = -543*h + 8*h**2 - 2 + 549*h + h**3 + 7. Determine k(-7).
12
Suppose 9*n + 610 = 475. Let j(m) = m + 3. Give j(n).
-12
Let h be 2/23 + (-7248)/3473. Let f(p) = p + 2*p + 4*p. Give f(h).
-14
Let l(z) = 14*z**2 + z. Let u(j) = 45*j - 359. Let y be u(8). What is l(y)?
15
Let s(l) = 24*l + 167. Let z be s(-7). Let i(f) = 14*f**3 - f**2. Calculate i(z).
-15
Let t(q) = q**3 + 3*q**2 + 3*q - 4. Suppose -w + 36 = -5*n, -3*n + 5*w = 3 + 1. Let y = n + 5. Give t(y).
-13
Let r(y) = -y**2 + 3. Let h be 13/4 - 2/8. Suppose -4*c + 16*l - 20*l + 12 = 0, -2*l + 6 = -2*c. Suppose -2*t - h*t = c. Determine r(t).
3
Let y(o) = o**2 + 4*o - 5 + 0*o**2 + 0*o. Suppose 17*c - 377 = -479. Determine y(c).
7
Suppose 0 = -2*r - 31*r + 297. Let w(d) = -4*d**2 + 0*d**2 - 10 - 4*d**2 - 2*d**3 + 3*d**3 - 8*d. What is w(r)?
-1
Let u(q) be the third derivative of -q**6/120 + q**5/10 - q**3/3 - 37*q**2. What is u(6)?
-2
Suppose -t + 24 = 3*t - 4*f, 2*t - 5*f - 24 = 0. Let y(z) = 6*z - 2*z**2 - z**3 + t - 4 + 4. Give y(-4).
10
Let q be (47 + -44)/(((-15)/(-2))/(-5)). Let a(d) be the first derivative of -4*d**2 - 3*d + 2. What is a(q)?
13
Let c(h) be the second derivative of -h**3/6 + 3*h**2 - 2*h - 16. Let d(g) = g**3 - 6*g**2 + 7*g - 6. Let y be d(5). Calculate c(y).
2
Let u be (11 - 2)/3*(-2)/(-3). Let l(w) = 13*w + w**u + 5 + 7*w - 37*w + 16*w. Give l(0).
5
Suppose 4*t - 4*s - 34 = -6, t + 2*s - 1 = 0. Suppose 0 = -5*u - t. Let a(w) = -11*w**3 - w - 1. Calculate a(u).
11
Let g(i) = i**3 - i**2 - 6. Let b(c) = c**2 + 7*c + 6. Suppose -2*j - 1 = -3*j. Suppose j = h + 7. Let s be b(h). Determine g(s).
-6
Let f(a) = a + 13. Let l be f(-7). Suppose 2*p - 11 = -5*j + 7, -4*p = -j + 8. Let n(w) = -j*w**3 + w**2 + 2*w + 5*w**3 + 0*w**3 - l*w. Determine n(-3).
-6
Let g(s) be the third derivative of -s**5/60 + s**4/12 - 11*s**3/6 + 2*s**2 - 440. What is g(5)?
-26
Suppose d = -0*o + 5*o - 53, 30 = 2*o + 4*d. Let k = -7 + o. Let u = -8 + k. Let r(w) = -w - 8. Determine r(u).
-4
Suppose 0*m = 2*m - 20. Suppose m = h + 4. Let v be (-6)/(-4)*(-4)/h. Let d(i) = i**3 + i**2 + i. Determine d(v).
-1
Let s(q) = 2*q**2 - 7*q - 2. Suppose 3 = 4*h + w, -4*h = 7*w - 3*w. Let t(v) = v**2 + 1. Let g(u) = h*s(u) - t(u). Determine g(7).
-3
Let s(o) = 29*o**2 + 15*o - 6. Let i(l) = 15*l**2 + 8*l - 3. Let r(k) = -11*i(k) + 6*s(k). Calculate r(2).
37
Suppose 3*a - a - 7 = 5*s, -4*a + 4*s + 8 = 0. Let n(m) = 5*m. Calculate n(a).
5
Let s(z) = 4*z**3 - 2*z - 1. Let x be (-8 + 7)*1/1. Let c be s(x). Let r(n) = n**2 + 6*n + 4. Give r(c).
-5
Let n(r) = -2*r - 7. Suppose -3*w + 12*w - 1449 = 0. Let b = 154 - w. Calculate n(b).
7
Let t(l) = 99*l + 200. Let f be t(-2). Let b(u) = -3*u**3 + 3*u**2 - 3*u + 1. Determine b(f).
-17
Let r(m) = -m + 17. Suppose -51*z = -16*z - 490. Determine r(z).
3
Let v be (-41)/328*(-2)/5. Let s(t) be the second derivative of 3*t + 5/6*t**3 - v*t**5 + 1/6*t**4 + 0 - 2*t**2. Give s(3).
2
Let i(w) = -33*w - 65. Let o be i(-2). Let d(f) = -8*f**3 + 3*f - 2. Determine d(o).
-7
Let x(a) = 3*a - 2. Suppose 3*s + 2*z - 1 = 21, 3*s + 5*z = 28. Give x(s).
16
Let u(z) = -z**3 - 22*z**2 + 2*z + 35. Suppose t + 32 = 10. Let n be u(t). Let v(f) = f**2 + 7*f - 11. Determine v(n).
7
Let l be (0 - -6) + 4/(-1). Let t(a) = -4*a + 7*a - l*a. Let x(d) = -2*d. Let z(w) = 9*t(w) + 4*x(w). Give z(-4).
-4
Let l(v) = 5*v - 1. Let c = -19 + 22. Suppose c*r = -49 + 55. Determine l(r).
9
Let d(a) = -a + 6. Suppose -3*v + 5*v + 4*x = -10, 3*v - x - 13 = 0. Calculate d(v).
3
Suppose -4*i + 0*i - 8 = 0. Let u be (-10)/(-2)*(-2)/(-5). Let j(r) = 2 - 4 + 0 + 0 - u*r. What is j(i)?
2
Let a(y) be the third derivative of -y**4/12 + 3*y**3/2 - 15*y**2 - 5. Give a(3).
3
Let r(n) = 19*n**2 - 3*n + 10. Let y(j) = -4*j**2. Let a(q) = r(q) + 5*y(q). Calculate a(-5).
0
Let l = 42 - 40. Let i(f) = 5*f**3 + 0*f**l - 4*f**3 + 4 - 2 - 2*f - 2*f**2. What is i(3)?
5
Suppose -5*q = 4*p - 23, 4 = 4*p - 2*q + 2. Suppose 3 = -u + p*u. Let v be u - (-5)/((-5)/(-2)). Let s(c) = -c**2 + 4*c + 6. What is s(v)?
1
Let u(c) = -c**2 - 2. Let t(x) = -x**3 + 6*x**2 + 7*x - 2. Let k(p) = -t(p) - u(p). Suppose 0 = 2*g - 15 + 3. Determine k(g).
-2
Suppose -3*b + 10 = -b, -m + 2*b - 1 = 0. Let h be ((-6)/(-18))/((-1)/m). Let f(i) be the second derivative of -i**3/6 + i**2 - 3*i. What is f(h)?
5
Suppose 3*u - 3*m - 35 = -8, 0 = u - 3*m - 13. Let v(j) = -4*j - 10. Calculate v(u).
-38
Let m = -348 - -341. Let t(g) = -g**3 - 7*g**2 - 2*g + 3. Calculate t(m).
17
Let w(c) = -6*c + 3. Let t(u) = -6*u + 3. Let s(b) = 5*t(b) - 6*w(b). Suppose 0 = -4*o + p + 9, -2*p + 0*p = -5*o + 9. Let j = 5 - o. Determine s(j).
9
Let i(c) = c**3 + 12*c**2 + 9*c + 1. Let x(s) = 10*s - 51. Let n be x(4). Determine i(n).
23
Let t(o) be the third derivative of -o**4/8 + 13*o**3/6 + 37*o**2. Calculate t(6).
-5
Let c(z) = z**3 + 4*z**2 + 2*z - 3. Let y(p) = -8 + p**2 + 11*p - 2 + 2. Let w be y(-10). Let o be (-3)/(-2) + w/4. Give c(o).
0
Let c = 12 + 1. Let g(v) = 5*v - 4 + v**3 - v - c*v**2 + 7*v**2. Give g(5).
-9
Let d(f) = -f**2. Let n be (-3)/1 + (5 - 7). Let t(p) = 6*p**2 - 8*p - 2. Let a(i) = n*d(i) - t(i). Calculate a(5).
17
Let t(w) = -w**3 - w**2. Let v(f) = 6*f**3 + 21*f**2 + 15*f + 3. Let j(u) = 5*t(u) + v(u). Determine j(-15).
3
Let y(z) = -z**2 + z + 2*z**2 + 0*z. Let i(s) be the second derivative of -s**4/6 + s**3/3 - s**2 - 2*s. Let l(f) = -i(f) - y(f). Give l(5).
12
Let a(s) be the third derivative of -7*s**4/24 + 5*s**3/3 + 17*s**2. Let j(l) = l - 1. Let i(o) = a(o) + 6*j(o). Determine i(6).
-2
Let p(a) = 2*a**2 - 11*a - 5. Let v(o) = 3*o**2 - 11*o - 3. Let n(x) = -2*p(x) + 3*v(x). Calculate n(3).
13
Suppose 0 = 3*g - 31 - 41. Suppose 0 = -4*i + 20, 2*d = i - 5*i + g. Let q(z) = z**2 - 8*z + 7. Let y(v) = -1. Let m(n) = d*y(n) + q(n). Determine m(6).
-7
Let l(y) = 4*y + 53. Let x be l(-12). Let a(v) = -v**3 + 4*v**2 + 4*v + 7. Calculate a(x).
2
Suppose -6*a - 60 = 9*a. Let l(h) = h**3 + 3*h**2 + 2. Calculate l(a).
-14
Let w be 1/5 - (-170)/25. Let v(g) = -2*g + 13. Let t be v(w). Let j(r) = 6*r + 0*r - 1 - 3*r + 3*r. Give j(t).
-7
Let v(z) = -z + 5. Suppose -3*u - 2*g + 0*g = 10, 4*u - 5*g + 21 = 0. Let y be (0 + (-48)/18)*6/u. What is v(y)?
1
Let f(d) = 0 - d**2 + 5*d - 7 + 0 - 1. Calculate f(6).
-14
Let o(g) 